late the highest common factor of 352 and u.
44
Suppose -7*b = -12*b. Let h(d) = -d**3 + d**2 + 84. Let z be h(b). Suppose 0 = -5*a + z + 66. Calculate the highest common divisor of 30 and a.
30
Let n(a) = a**3 + 17*a**2 + 47*a - 2. Let i be n(-10). Calculate the greatest common factor of i and 4636.
76
Let f(q) = -1169*q**2 - q + 2. Let z be f(1). Let r be z/(-48) + 10/15. Calculate the highest common factor of 1400 and r.
25
Let b be (-2 + 20/6)*(1632 + -78). What is the highest common factor of 28 and b?
28
Suppose 6*q = 30, 1130 = -5*k - 3*q - q. Let x = k + 290. What is the highest common divisor of x and 270?
30
Suppose 5*s - 4*v = 2*s + 4281, -5*v - 2847 = -2*s. Suppose 5*z = 4*w - s, w = z - 4*z + 379. What is the highest common divisor of w and 52?
52
Let q be (-14508)/(-852) + (-48)/1704. Suppose -w + 3 = 0, v = -5*w + 458 - 171. What is the greatest common factor of q and v?
17
Let m = -5823 - -5952. Calculate the highest common divisor of 3999 and m.
129
Suppose 53*v = 55*v - 6. Suppose -3*q + 1449 = 4*t, 20*t - 23*t + v*q = -1071. What is the greatest common factor of t and 108?
36
Let j(y) = 5*y**2 + 14*y - 4. Suppose -5*r + 3*a + 11 = 0, 3*r + 5*a = 2*r + 19. Let n be j(r). Calculate the highest common divisor of n and 484.
44
Suppose -161*u - 420 = -168*u. Calculate the highest common factor of 3165 and u.
15
Let n(h) be the first derivative of -h**3/3 - 23*h**2/2 - 34*h - 55. Let w be n(-21). What is the greatest common divisor of w and 24?
8
Suppose 0 = j - 114 - 1. Let y = -55 + j. Suppose 4*z + 3*n = -10 + y, 0 = 5*z - 3*n - 49. Calculate the highest common divisor of 1 and z.
1
Suppose 2*f = 5*y - 12404, 50*y + 2*f = 49*y + 2488. What is the highest common divisor of 34 and y?
34
Suppose 0 = 28*a - 412 - 484. Suppose -2*s = 5*k - 1276, 3*k - 3*s - 718 = 56. Calculate the greatest common factor of a and k.
32
Let x be (28/(-35))/(((-10)/5)/150). Calculate the greatest common factor of x and 5940.
60
Let z = -12 + 20. Let t(u) = 15*u + 16. Suppose 2*c = -10, -3*k + 24 = -7*k - 4*c. Let r be t(k). Calculate the greatest common divisor of r and z.
1
Let g(w) = w**3 + 5*w**2 - 103*w + 3. Let v be g(9). What is the highest common factor of 1610 and v?
70
Let y = -18233 - -18422. Let j be 1/(-2 + (-177)/(-90)). Let s = j - -51. Calculate the greatest common factor of y and s.
21
Suppose 0 = 33*f - 1304 + 248. What is the greatest common divisor of f and 108?
4
Let j = 458 + -443. Suppose -5*z + j = 0, -5*z - 536 = -2*a + 255. What is the greatest common divisor of a and 39?
13
Let w(x) = 5*x**2 - 25*x + 58. Let a be w(16). Let q = a - 289. Calculate the highest common divisor of 59 and q.
59
Suppose 5*j - 6 - 4 = 2*g, 5*g = 5*j - 25. Suppose -2*x + 172 = 3*z, -4*x + j*x - 4*z = -348. Let u = x - 50. What is the highest common divisor of 78 and u?
39
Let v = -3096 + 3220. What is the highest common divisor of v and 2542?
62
Let s(n) = n**2 - 44*n + 216. Let j be s(64). What is the greatest common factor of j and 8?
8
Suppose -63 = 2*o - 5*o - k, -2*o - 3*k + 49 = 0. Suppose -128*p + 124*p = -64. What is the highest common factor of p and o?
4
Let t = -5 - -50. Suppose 0 = -88*m + 91*m - 6. Let w be (7/(-2) - -4)*m*9. Calculate the highest common divisor of w and t.
9
Let u be 1/(-3)*((5 + 2)*-1 + -1571). Calculate the greatest common factor of 4 and u.
2
Let w be (-248)/16*(1/(-2))/(37/444). What is the greatest common divisor of w and 837?
93
Let b(f) = f**2 + 3*f + 4. Let l be b(-2). Let g = 1 + 78. Let i = g - 75. Calculate the greatest common factor of l and i.
2
Let h = -23 + 65. Suppose -224*i + 1031 + 4345 = 0. What is the greatest common factor of i and h?
6
Let g = 25 - -63. Suppose 2*s = -5*a + 554, -2*a - s + 120 + 102 = 0. What is the highest common factor of g and a?
22
Let l = 977 + -540. What is the greatest common factor of 115 and l?
23
Suppose -3*m + 16108 = 4*u, 2*m - 10 = -4*u + 16102. What is the highest common divisor of 155 and u?
155
Let g = -520 - -298. Let l = g + 224. Calculate the greatest common divisor of 7 and l.
1
Let p(l) = l**3 - 6*l**2 + 29*l - 92. Let t be p(12). Calculate the greatest common factor of 910 and t.
70
Let u(s) = 60*s**2 + 125*s + 1343. Let p be u(-10). Calculate the highest common factor of p and 9.
9
Suppose 1091 = j + 4*x, j + 5*x = -127 + 1217. Calculate the highest common divisor of 4745 and j.
365
Let q = 32 - 346. Let k = -218 - q. What is the greatest common factor of 168 and k?
24
Let b = 3708 + -3667. Let u be 243/6 - (-1)/2. Calculate the highest common divisor of u and b.
41
Let r be (4/12)/((-1)/(-27)). Let h(i) = 42*i**2 - 24*i + 42. Let f be h(2). Suppose 72*x - f = 45*x. Calculate the greatest common factor of r and x.
3
Suppose 2705*a = 2703*a + 1072. Calculate the highest common factor of a and 16.
8
Suppose w = 5*l - 60, 0 = -2*l + 2*w + 26 + 6. Suppose -l*s = 2*s - 5005. Calculate the highest common factor of s and 35.
35
Let b(n) = -n**3 - 9*n**2 - 24*n - 5. Let m be b(-7). What is the greatest common factor of 85 and m?
5
Let f be (-4 + 25 + -5)/((-4)/(-56)). Suppose 0 = -y - 3*z + 6, 1 = y - 4*z - 5. Let u be ((-70)/(-15))/(1/y). Calculate the highest common divisor of f and u.
28
Suppose 0 = 2*i - 2, -38*y - 1508 = -40*y - 4*i. Let f be (6/(-4))/((-24)/y). What is the greatest common factor of 2 and f?
1
Let k be (-2)/6 + 0 - (-3408)/(-9). Let f = 554 + k. Calculate the highest common factor of f and 100.
25
Suppose -5*o - 5*x + 7*x + 1502 = 0, -3*o + 2*x + 894 = 0. What is the greatest common factor of o and 3686?
38
Let t(y) = 4*y - 10. Let h be t(3). Suppose 0 = -5*l + 5*q - 20, -2*l - 3*q = -h - 5. Let x be (4/l)/(-16 - -14). What is the highest common factor of x and 6?
2
Suppose 4*u = -4, -5*r + 4*u + 13 = -6. Suppose 0 = -9*v + r*v - 162. Let j = v - -36. What is the greatest common factor of 6 and j?
3
Let f be ((-10)/15)/((-6)/198). Let k be (110/132 - (-2)/3)*f. Suppose -i - 88 = -3*i. What is the greatest common factor of k and i?
11
Let d = -89 + 141. Let r be (d/(-39))/(4/6). Let f be r + (5/((-20)/(-52)))/1. Calculate the greatest common divisor of f and 77.
11
Let u = -5 - -14. Let b = 108 + 39. Suppose -4*q = -3*g - 275 - 58, -2*q - 5*g + b = 0. Calculate the highest common factor of u and q.
9
Let y(d) = -3*d**3 - d**2 + 19*d + 27. Let i be y(-3). Let k = 4 + -12. Let w be 68 - (2 - (-4 - k)). Calculate the greatest common divisor of w and i.
14
Let p(j) = -14*j - 348. Let u be p(-32). Calculate the greatest common divisor of 7050 and u.
50
Suppose n - 12 = 3. Let o = -42 - -70. Let d = 88 - o. Calculate the highest common factor of n and d.
15
Let g(p) = -29*p + 16 + p**2 + 46 + 1. Let r be g(28). What is the highest common divisor of 560 and r?
35
Let w = 258 + -227. Suppose -3*j + w = 5*z, 0 = j + 3*z - 12 - 1. What is the highest common divisor of j and 77?
7
Let l = 26 + -14. Let z = -7 + l. Let f be (20/(-8)*-2)/((-2)/(-22)). Calculate the highest common factor of z and f.
5
Let c be 40/(-180) + (-33704)/(-36). What is the highest common divisor of c and 84?
12
Let r(y) = -9*y - 314. Let w be r(-41). Let p(h) = -h + 15. Let b be p(-7). What is the highest common divisor of b and w?
11
Suppose 47*w - 41*w + 108 = 0. Let a = 26 + w. Calculate the highest common factor of a and 376.
8
Let r = -12858 - -13047. Suppose 2*w - 38 = -2*o, -5*o + 80 = w - 23. Calculate the greatest common factor of r and o.
21
Let z = 897 + -514. Let x = z + -50. Suppose 0*d + 4*d - x = 5*q, -405 = -5*d + 4*q. Calculate the highest common divisor of d and 7.
7
Suppose -16*w + 1504 = -0*w. Suppose 0 = 15*h - 19*h - p + w, -111 = -5*h + 2*p. What is the greatest common divisor of 299 and h?
23
Let k = 0 - -21. Let g = 308 + -336. Let v be (-2)/4 - 210/g. What is the highest common factor of k and v?
7
Let m be ((-20)/(-6))/(340/408). Let s = -8 - -12. Let f = 48 - s. What is the highest common divisor of m and f?
4
Suppose 0 = 2*m + 17 - 121. Let k = -1916 - -1920. What is the highest common divisor of k and m?
4
Let a = -3250 - -3540. Calculate the highest common factor of a and 320.
10
Suppose 0 = -4*m + 24*m - 60. Suppose -5*n + 143 = 5*r + 18, 5*n = r - 7. Suppose -m*i + 2 = -r. What is the greatest common factor of 72 and i?
8
Suppose 0 = 3*z - 5*z + 10